*z(w). Let q be i(6). Let l(v) = -v**2 + 7*v + 1. Give l(q).
1
Let p(z) = z - 5. Let j(f) = f**2 + 260*f + 4137. Let d be j(-17). Give p(d).
1
Let l be ((-96)/256)/((-1)/8). Suppose l*y = y + 12. Let j(h) = 7*h**2 + y*h**2 - 4*h**2. What is j(-1)?
9
Let f(h) be the third derivative of h**8/20160 + h**7/1008 + h**6/120 + h**5/60 + 13*h**4/8 + 325*h**2. Let j(g) be the third derivative of f(g). What is j(-5)?
6
Let u(h) = -h**2 - 6*h - 4. Let s be u(-2). Suppose -4*b - a + 146 = 0, 2 = -2*a + 6. Let x be b/8 + (-6)/s. Let f(r) = -r**2 + 4*r + 2. Calculate f(x).
5
Suppose -3*b + v = -4*b, -5*b + 20 = -5*v. Let s(p) = -98*p**2 + 56*p**2 - p**3 - 2 + 49*p**b - 7*p. Give s(6).
-8
Let u(y) = 2*y**3 - 3*y**2 - 10*y - 11. Suppose -z - 77*z = -390. Determine u(z).
114
Suppose n - w - 19 = 0, n = -0*n + 4*w + 28. Suppose -10 = 21*t - n*t. Let l(s) = -s**2 + 3*s + 2. Give l(t).
-8
Let y(s) = 26*s**2 + 63 + 2*s - 5*s - 90 + 0*s - 57 + s**3. What is y(-26)?
-6
Let g(s) = s**2 - 8*s - 2. Suppose 2*m = l - 1, 5*m - l - 20 = -3*l. Let k be (-6 - -2)/(15/(-6) + m). Determine g(k).
-2
Let x(k) be the second derivative of k**8/6720 + 11*k**7/2520 + k**6/80 - 7*k**5/120 - 2*k**4 + 32*k. Let o(t) be the third derivative of x(t). What is o(-10)?
3
Let c be 10/((-1)/(-9) + (-910)/6570). Let b = c - -361. Let a(f) = -2*f**2 - f. Give a(b).
-28
Let n(s) = 8*s + 1. Let w(a) = a**3 + a - 5. Let t be w(0). Let o = 342 - 346. Let z = t - o. What is n(z)?
-7
Suppose -d - 1 = 0, -f - f = 3*d + 157. Let k = 82 + f. Let l(c) = k*c + 0*c - 6*c - 13. Give l(-8).
-5
Let y(f) = -f**3 - 7*f**2 + 7*f - 6. Let n(d) = -d + 77. Let r be n(29). Suppose 3*b - r = 9*b. Calculate y(b).
2
Let q(n) = -3*n - 10. Let g(r) = -1. Let t(d) = -6*g(d) + q(d). Suppose -2025*s - 20 = -2015*s. Determine t(s).
2
Suppose 4*m + 3*v = -2*v + 23, -16 = -2*m - 4*v. Let r(x) = m*x + 647 - 1294 + 650. What is r(3)?
9
Let a(k) be the second derivative of k**5/4 + 5*k**4/12 - 5*k**3/6 - 9*k**2/2 + 51*k. Let w(p) = p**3 - 1. Let r(n) = -a(n) + 4*w(n). Determine r(-5).
-20
Let a(o) = o**3 + 10*o**2 + 6*o + 12. Let v be ((-3)/15 + -1)/((-136)/(-1020)). Calculate a(v).
39
Let z(r) be the first derivative of r**4/4 - 2*r**3/3 - r**2 - 2*r + 3. Let x(d) = -188*d - 936. Let h be x(-5). What is z(h)?
22
Let k(z) = -z**3 + z - 2. Suppose 4*w - 5*a + 15 = 0, 0 = -3*w - 4*a + 29 - 17. Give k(w).
-2
Let b(t) = -t**3 - 9*t**2 - 5*t + 5. Suppose 4*l = c - 79, -2*l - 2*l - 81 = c. Let r be l/(4 + 1)*(5 - 3). Determine b(r).
-19
Let t be (-1 + 0)/((56/(-161))/8). Suppose -3*h = h + c + t, -5*c = 4*h + 35. Let f(o) = o**3 + 5*o**2 - 2*o - 5. Give f(h).
5
Let r(x) = 3*x**2 + 2*x + 9. Suppose -6*y + 3*d = -7*y - 14, -4*y = -2*d. Determine r(y).
17
Let h(i) be the first derivative of -i**4/4 - 3*i**3 + 5*i**2 + i - 5. Let v = -861 - -851. What is h(v)?
1
Let o(c) be the second derivative of c**3/6 - 3*c**2/2 - c. Let t be (6 + -6)/((-1 - 0)/(6/12)). What is o(t)?
-3
Let a(z) = 44*z + 2. Suppose 3*q + 5 = -5*v, 3*q = -2*v + 8*q - 2. Determine a(v).
-42
Let v be 3 + (-3 - 0) + 0. Suppose 4*g + 4*q - 27 + 3 = v, -4*q = -4*g. Let w(u) = 8*u + 2*u + 3*u + g - 19*u. What is w(2)?
-9
Let y be (7 + 2)/(0 + -1). Let x(r) = 9*r + 43 - 48 - 47 + r**2 - 54 + 97. Give x(y).
-9
Let j(q) be the third derivative of -1/24*q**4 + 1/6*q**3 + 120*q**2 + 0 + 0*q. What is j(-7)?
8
Let o = 80004 - 79994. Let m(g) be the second derivative of g**5/20 - 5*g**4/6 + g**3/6 - 5*g**2/2 - g. Give m(o).
5
Let c(z) = 3*z - 40. Let a be c(20). Suppose -r = 4*n - 16, 0 = -3*r + 5*n - 0 - a. Let o(f) = -f - 2. Calculate o(r).
-2
Let r be (13/4)/(84/(-336)). Let b(p) be the second derivative of p**4/12 + 2*p**3 - 8*p**2 - 3*p. Give b(r).
-3
Let l(b) be the second derivative of b**4/6 - 23*b**3/6 - 19*b**2/2 + 3699*b. Determine l(12).
-7
Let j(s) = 339*s**2 + 18 - 9*s + 334*s**2 + 25*s - 672*s**2. Let c be -107*1/7 - 106/(-371). Give j(c).
3
Let c(v) be the first derivative of 8*v**2 + 3*v + 2692. Calculate c(-1).
-13
Let m(j) be the third derivative of -j**4/24 + j**3/3 + 30*j**2 + j - 2. Let b be 1*-1*2 - 1. Determine m(b).
5
Let x(p) be the third derivative of 10*p**2 + 7 - 4/3*p**3 - 1/60*p**5 - 5/24*p**4 + 0*p. Give x(-9).
-44
Suppose -4*i = -5*g - 58, 8*i = 2*g + 83 + 17. Let x(f) = 3*f - 37. Determine x(i).
-1
Let d(a) be the third derivative of -a**5/60 + 13*a**4/24 + 2*a**3/3 - 2*a**2 - 289*a. Calculate d(13).
4
Let i(j) = -j + 1. Let h(w) = -22*w + 23. Let m be 0 + (-3 - 28/(-7)). Let c be h(m). What is i(c)?
0
Let v(q) = 19*q - 184. Let n be v(10). Let k be (987/28)/3 + n/(-8). Let z(r) = r**2 - 15*r + 13. What is z(k)?
-31
Let n(s) be the first derivative of 7*s**2 + 15*s + 1/4*s**4 - 5 + 14/3*s**3. What is n(-13)?
2
Let w = -437 + 567. Let d(n) = -131 - w - 9*n - 132 + 396. What is d(1)?
-6
Suppose -3*y + 90 = -318. Let l = y - 131. Let z(f) = -2*f + 3. Determine z(l).
-7
Let j(q) = q - 4. Let s(r) = -4*r + 15. Let p(g) = 22*j(g) + 6*s(g). Suppose 7*f - 11*f + 36 = 0. Suppose 2*d + f = 1. Calculate p(d).
10
Let u(n) = -99*n - 1279. Let h be u(-13). Let g(t) = -8*t + 4. What is g(h)?
-60
Let d(g) be the second derivative of 0 + 7/6*g**3 + 4*g - 11/2*g**2 + 3/4*g**4 + 1/20*g**5. Let k be 16/(-12)*(-3)/(-2)*4. Determine d(k).
-3
Let p(w) = 7*w + 4. Let y(c) = -17*c - 9. Let a(d) = -5*p(d) - 2*y(d). Let f be 86/(-18) + (-6)/27. What is a(f)?
3
Let l(b) = -41*b**2 - 15*b - 10*b**3 + 46*b**2 - 18 + 11*b**3 + 6*b. Determine l(-6).
0
Let v(i) = -5*i - 5. Let f(u) = 7*u**2 + 46*u - 16. Let n be f(-7). Suppose 3*c = r - 16, -c - 4 = -5*c - n*r. What is v(c)?
15
Suppose -1193 = 8*y + 447. Let c = -196 - y. Let h(n) = n**2 - 10*n - 6. Calculate h(c).
-15
Let s(j) = 15*j - 92. Let h be (-42)/63 - (-40)/6. Let t be s(h). Let q(m) = 3*m + 3. Determine q(t).
-3
Let v be 4*27/135*(-10)/(-4). Suppose -7*z = -3*z + v*u - 18, 2*z - 5 = -5*u. Let q(j) = j**2 - 7*j + 7. Determine q(z).
-3
Let q = -2742 - -2729. Let x(d) = -d**2 - 15*d - 12. Give x(q).
14
Let u(r) = -44*r + 86. Let q(y) = 7*y - 14. Let g(o) = 13*q(o) + 2*u(o). Calculate g(4).
2
Let q(a) be the first derivative of 19/2*a**2 - 38 + 0*a. Calculate q(1).
19
Let z(l) = -14*l**2 - 5*l - 4. Suppose 212*t + 209 = 3*t. What is z(t)?
-13
Suppose -8313*f + 8316*f = 4 + 11. Let o(m) = 2 + 8 - 2*m - 5. What is o(f)?
-5
Let q(n) be the third derivative of -25*n**4/12 - n**3/3 - 921*n**2. What is q(-2)?
98
Let g(f) = 1 + 952*f**2 - 1918*f**2 + 963*f**2. Let m = -19 + 1. Let d be 22/m - (-18)/81. What is g(d)?
-2
Let f(n) be the second derivative of n**4/12 - n**3/2 - 3*n**2/2 + 2*n. Let x(s) be the first derivative of f(s). Suppose 11*c - 115 = -60. What is x(c)?
7
Let f(t) = -t**3 + 4*t**2 - 2*t - 4. Let p(q) = -18*q - 51. Let b be -3*6/(-4)*(-2)/3. Let k be p(b). Calculate f(k).
-1
Let r = -12144 + 12141. Let q(z) = 13*z + 9. Calculate q(r).
-30
Let t(q) = -5*q - 7. Let u(f) = -5*f - 7. Let p(g) = 4*t(g) - 3*u(g). Let d = 2 - -6. Suppose v = -d + 2. What is p(v)?
23
Suppose 2*l - f + 33 - 48 = 0, 0 = 4*l - 3*f - 33. Let i(v) = -56*v + l*v - v**2 + 51*v + 5. What is i(-5)?
-25
Let x = 6 + -4. Let g(y) = 0*y**2 - 205*y + 369*y - 161*y - 8*y**2. Give g(x).
-26
Let b(g) be the third derivative of -g**6/120 - g**5/3 - 11*g**4/12 - 43*g**3/6 - 1266*g**2. Give b(-19).
14
Let h(g) be the first derivative of g**4/4 + 8*g**3/3 - 11*g**2/2 + 8*g - 795. Calculate h(-9).
26
Let r(s) = -s**2 - 4*s + 1694 - 1180 - 520. Let t = -1 - -1. Suppose 0 = -3*u + 5*u - x + 14, t = u + 4*x - 11. What is r(u)?
-11
Let t = -1155 - -1168. Let m(x) = -x**2 + 12*x + 23. Calculate m(t).
10
Suppose b - 27 = -3*b - 5*b. Let x(g) = -3*g**2 - 2*g**3 - 3 - 5*g**3 + 8*g**3. Calculate x(b).
-3
Suppose 5*r + 2 = -3*l, -10*r - 16 = -6*r. Suppose -m - m - 17 = 3*o, 4*m - 2*o = l. Let u(n) = 5*n**2 - n. Calculate u(m).
6
Let z = -194 - -205. Suppose 10*a = z*a + 4. Let c(q) be the first derivative of q**2/2 + 4*q - 1. What is c(a)?
0
Suppose -2*l + 5*k + 11 = 0, -4*l + l - 5*k + 79 = 0. Let m(b) = b**3 - 17*b**2 - 18*b + 25. Determine m(l).
25
Let n(i) = 6*i - 55. Let u be n(11). Let g(m) be the third derivative of m**5/60 - 5*m**4/12 - 11*m**3/6 - 16*m**2. Calculate g(u).
0
Let c be (-734)/(-1835) + -2*(-22)/(-10). Let a(q) = -4*q**2 + 3*q + 5. Determine a(c)